
Let r(g) = -g**2 - 2*g - 3. Calculate r(-3).
-6
Let u(s) = 2*s**2 - 7*s. Calculate u(6).
30
Let c(g) = -g**3 + 21*g**2 + 3*g - 30. What is c(21)?
33
Let u(s) = s**3 - 7*s**2 - 6*s + 15. Calculate u(7).
-27
Let s(k) = -5*k**2 + 14*k - 4. Determine s(3).
-7
Let p(a) = 7*a + 29. Calculate p(-4).
1
Let g(u) = -9*u**2 + 2. Calculate g(-1).
-7
Let m(g) = -6*g**3 - 5*g + 6. Give m(1).
-5
Let r(s) = -33*s**2 - s. What is r(-1)?
-32
Let g(n) = -2*n**2 + 2*n - 4. Determine g(5).
-44
Let v(x) = -x**2 + 11*x - 15. Determine v(11).
-15
Let f(l) = 6*l**2 - 38*l + 13. Determine f(6).
1
Let n(v) = 2*v**2 + 39*v + 53. Calculate n(-18).
-1
Let g(c) = -c**3 - c - 15. Give g(0).
-15
Let v(u) = 6*u + 6. What is v(-2)?
-6
Let o(k) = -k**3 - 18*k**2 + 41*k + 28. Give o(-20).
8
Let m(v) = v**3 + 5*v**2 - 4*v + 6. Calculate m(-6).
-6
Let h(s) = -2*s + 1. Give h(-8).
17
Let i(a) = -a**2 + 9*a + 58. What is i(13)?
6
Let g(n) = -57*n + 13. What is g(4)?
-215
Let u(o) = 2*o - 3. Determine u(9).
15
Let u(c) = c**3 - c**2 - c. Calculate u(-2).
-10
Let j(t) = t - 9. Calculate j(-4).
-13
Let r(o) = o**3 - 12*o**2 - 16*o + 38. Calculate r(13).
-1
Let p(l) = l - 6. Determine p(-9).
-15
Let w(s) = s**2 - 14*s - 3. Determine w(13).
-16
Let v(j) = -2*j. Determine v(-5).
10
Let d(a) = -a**3 - 4*a**2 + 3. Calculate d(-3).
-6
Let l(p) = -6*p**2 + 38*p - 17. Give l(6).
-5
Let m(h) = h**2 + 9*h - 36. Calculate m(-12).
0
Let q(p) = 31*p + 590. What is q(-19)?
1
Let h(s) = 2*s**2 - 7*s + 13. Determine h(4).
17
Let w(c) = -25*c - 277. Determine w(-11).
-2
Let t(y) = -26*y. Give t(2).
-52
Let j(g) = 6*g**2 - 52*g + 16. Determine j(8).
-16
Let k(o) = -3*o**2 + 31*o - 45. Calculate k(9).
-9
Let t(o) = o**2 - 2*o + 6. Give t(2).
6
Let t(v) = v**3 + 15*v**2 - 17*v - 3. Determine t(-16).
13
Let s(m) = -9*m - 397. Calculate s(-44).
-1
Let q(n) = -n**3 + 3*n**2 - 6*n. What is q(3)?
-18
Let t(f) = 25*f + 1. Calculate t(-2).
-49
Let t(k) = -k**2 + 15*k - 3. What is t(14)?
11
Let s(q) = -q**3 - 11*q**2 + 82*q + 34. What is s(-16)?
2
Let m(z) = -z**3 - 7*z**2 + 13*z + 4. Calculate m(-9).
49
Let k(h) = h**2 + 17*h + 25. Determine k(-17).
25
Let b(p) = 4*p - 49. Give b(14).
7
Let q(g) = -g**2 - 15*g + 95. Determine q(-20).
-5
Let d(p) = p**2 + 4*p + 4. Calculate d(-5).
9
Let t(y) = y**2 - 5*y - 11. Give t(6).
-5
Let g(q) = q**2 - 13*q - 35. Give g(17).
33
Let w(p) = 12*p - 4. Determine w(-1).
-16
Let c(p) = -2*p**3 + p**2 + 3*p + 3. Determine c(-2).
17
Let q(w) = 19*w + 7. Calculate q(-5).
-88
Let l(i) = 3*i - 3. What is l(0)?
-3
Let b(c) = -3*c**2 - 9*c + 13. Calculate b(3).
-41
Let f(j) = 33*j - 228. What is f(7)?
3
Let w(q) = -q - 23. What is w(-13)?
-10
Let i(c) = -c**3 - 2*c + 14. What is i(0)?
14
Let l(g) = 3*g**2 - 13*g - 12. What is l(-2)?
26
Let j(t) = 12*t - 36. Determine j(11).
96
Let g(j) = 2*j**2 + 16*j - 6. Give g(-8).
-6
Let u(g) = g**3 - 3*g**2 + 7*g - 48. What is u(4)?
-4
Let v(q) = q**2 - q - 27. Calculate v(0).
-27
Let c(s) = -28*s - 1546. Determine c(-55).
-6
Let s(n) = 4*n**2 - 22*n + 7. Give s(6).
19
Let c(l) = -25*l + 80. What is c(4)?
-20
Let p(z) = 30*z**2 + 2*z - 6. What is p(2)?
118
Let j(r) = -16*r + 1. Give j(-1).
17
Let h(v) = v**2 + 13*v + 7. Calculate h(-5).
-33
Let i(y) = y**2 + y - 36. What is i(-8)?
20
Let i(j) = 2*j**2 + j - 6. Determine i(10).
204
Let f(i) = i**3 + 8*i**2 - 9*i + 12. What is f(-9)?
12
Let f(g) = g**3 + 7*g**2 + 15*g + 4. Calculate f(-3).
-5
Let g(i) = -13*i**2 + 2*i + 7. Determine g(-3).
-116
Let z(n) = n - 25. What is z(22)?
-3
Let k(d) = -2*d**2 - 20*d + 16. Give k(-11).
-6
Let x(l) = l**2 + 6*l + 4. What is x(-5)?
-1
Let h(c) = 29*c - 410. Give h(15).
25
Let h(k) = 3*k**3 + 2*k**2 - k - 2. What is h(2)?
28
Let j(k) = -7*k + 25. Calculate j(3).
4
Let n(u) = u**3 - 3*u**2 + 3*u - 6. Give n(4).
22
Let u(a) = 4*a**2 - 62*a + 32. Calculate u(15).
2
Let n(j) = 44*j + 2. Calculate n(-2).
-86
Let g(k) = -k + 8. Give g(-4).
12
Let g(r) = 2*r + 42. Calculate g(-17).
8
Let k(b) = b**2 + 29*b + 138. Give k(-24).
18
Let f(y) = y**3 - 3*y**2 - y - 7. What is f(3)?
-10
Let t(g) = g**2 + 11*g + 23. Calculate t(-7).
-5
Let m(x) = x**2 + 7*x + 6. What is m(-4)?
-6
Let k(t) = -t**2 - t - 5. Determine k(-5).
-25
Let v(m) = -6*m + 5. Calculate v(4).
-19
Let o(n) = -10*n - 4. Calculate o(-1).
6
Let b(r) = -r + 28. What is b(-18)?
46
Let d(o) = -o**2 + 11*o + 1. Determine d(11).
1
Let y(w) = 41*w + 33. Give y(-5).
-172
Let a(z) = -2*z - 13. What is a(-4)?
-5
Let w(n) = -2*n**3 - 10*n**2 - 13*n - 9. What is w(-4)?
11
Let i(q) = 27*q - 525. Determine i(19).
-12
Let t(p) = p**2 - 5*p - 2. Calculate t(6).
4
Let s(f) = -18*f + 1. Determine s(-1).
19
Let c(s) = 2*s**3 - 3*s**2 - 7*s + 6. What is c(4)?
58
Let x(d) = -2*d**2 + 7*d - 2. Calculate x(5).
-17
Let h(r) = r**2 + r. Calculate h(-4).
12
Let m(d) = -d**2 - 10*d - 8. Calculate m(-8).
8
Let c(i) = i**3 + 14*i**2 - 16*i - 18. Give c(-15).
-3
Let t(b) = b - 43. What is t(13)?
-30
Let j(h) = -h**3 + 17*h**2 - 17*h + 2. What is j(16)?
-14
Let b(s) = -s**3 + 37*s**2 - 32*s - 142. What is b(36)?
2
Let i(p) = p**2 + 6*p - 15. Calculate i(6).
57
Let r(y) = y + 1. What is r(8)?
9
Let w(b) = -28*b + 136. What is w(5)?
-4
Let a(q) = -2*q**2 + 27*q + 11. Determine a(14).
-3
Let u(h) = h**2 - 5*h - 6. Determine u(8).
18
Let f(u) = -9*u**2 + u + 4. Determine f(-2).
-34
Let l(b) = 14*b + 1. What is l(6)?
85
Let n(o) = o**3 - 3*o**2 - 3*o - 6. What is n(4)?
-2
Let h(t) = 2*t**2 - 5*t + 11. What is h(3)?
14
Let q(f) = -f**2 + 4*f + 11. Calculate q(-3).
-10
Let z(d) = d**3 - 2*d**2 - 5*d + 4. Give z(4).
16
Let v(w) = 16*w + 74. What is v(-5)?
-6
Let f(k) = -k**3 - 11*k**2 + 9*k - 41. Determine f(-12).
-5
Let a(q) = -q + 3. Calculate a(-6).
9
Let f(j) = j**2 - 20*j + 65. Calculate f(16).
1
Let i(f) = -f**3 + 40*f**2 - 3*f + 113. Determine i(40).
-7
Let g(b) = -27*b + 1. Give g(6).
-161
Let f(r) = 3*r - 38. Calculate f(11).
-5
Let x(h) = 5*h - 16. What is x(8)?
24
Let z(c) = 2*c**2 - 6*c - 104. Determine z(-6).
4
Let a(m) = m**3 + 35*m**2 + 33*m + 18. Determine a(-34).
52
Let i(k) = -k**2 - 9*k + 51. Calculate i(4).
-1
Let o(g) = -g**3 - 3*g**2 + 3*g + 2. What is o(-5)?
37
Let b(i) = -2*i**2 - 9*i + 31. What is b(-7)?
-4
Let n(j) = 55*j**3 + 2*j**2 + j. What is n(-1)?
-54
Let t(q) = -q**3 - 5*q**2 + 6*q + 4. What is t(-6)?
4
Let y(w) = 2*w + 34. What is y(-18)?
-2
Let u(o) = 17*o + 98. Determine u(-6).
-4
Let j(r) = -r**3 - 6*r**2 + 7*r - 10. Determine j(-7).
-10
Let h(x) = 2*x + 4. Determine h(20).
44
Let f(x) = -4*x**2 - 93*x + 77. Calculate f(-24).
5
Let c(q) = q**2 + 4*q + 5. Determine c(-4).
5
Let m(z) = -2*z**3 - 2*z**2 - 3*z + 4. Determine m(1).
-3
Let u(i) = -2*i - 30. Give u(-18).
6
Let y(q) = 2*q**3 - 8*q**2 - q + 4. Determine y(4).
0
Let d(n) = -4*n - 23. Calculate d(-7).
5
Let w(q) = 2*q - 7. Calculate w(7).
7
Let s(r) = 2*r**2 - 8*r - 3. Calculate s(-4).
61
Let x(w) = -w**3 - 7*w**2 - 9*w - 65. Calculate x(-7).
-2
Let z(i) = -6*i**3 - 2*i**2 + i + 1. Calculate z(1).
-6
Let n(x) = 2*x - 12. Calculate n(8).
4
Let p(o) = 4*o**2 + o + 2. Determine p(2).
20
Let q(w) = -w**2 + 6*w - 18. Give q(11).
-73
Let m(r) = 2*r + 36. What is m(-19)?
-2
Let q(u) = u**2 - 7*u - 1. Give q(5).
-11
Let a(h) = -2*h + 5. Give a(0).
5
Let y(b) = b**3 + 14*b**2 - 34*b - 20. Calculate y(-16).
12
Let y(h) = h**3 - 7*h**2 + h - 7. Determine y(7).
0
Let z(m) = -m + 12. Give z(14).
-2
Let c(j) = -j**3 + 9*j**2 + 20*j. Calculate c(11).
-22
Let c(t) = -3*t**2 - 6*t - 6. Determine c(-2).
-6
Let s(p) = 6*p + 8. Calculate s(-5).
-22
Let g(u) = u**3 - 11*u**2 + 18*u + 19. Calculate g(9).
19
Let c(f) = 2*f**2 - 58*f - 60. Determine c(30).
0
Let f(h) = -2*h**2 + 15*h - 46. Calculate f(5).
-21
Let s(c) = -3*c**3 - c**2 + 2*c. Give s(2).
-24
Let g(n) = n**2 - n - 4. Determine g(3).
2
Let b(c) = 6*c + 148. What is b(-25)?
-2
Let f(u) = -u**2 - 16*u - 53. Determine f(-10).
7
Let k(m) = 4*m - 14. What is k(6)?
10
Let h(w) = 2*w + 5. Calculate h(5).
15
Let l(j) = -4*j - 85. Determine l(-21).
-1
Let j(v) = -v - 9. Calculate j(-8).
-1
Let u(x) = -x**3 + 39*x**2 - 77*x + 110. Calculate u(37).
-1
Let q(i) = -4*i + 154. What is q(39)?
-2
Let g(l) = 3*l + 7. Determine g(-6).
-11
Let n(y) = -y**3 - 6*y**2 + 2. Give n(-4).
-30
Let w(j) = j**3 - 23*j**2 + 46*j - 9. Calculate